. Let r be y(4). Calculate the greatest common factor of r and 23.
23
Suppose -82 + 482 = -5*k. Let p = -40 - k. Let c = -762 - -792. What is the highest common factor of c and p?
10
Let d be ((-15504)/12 - -5)*(-6)/18. Calculate the highest common divisor of 624 and d.
39
Let b(g) be the third derivative of g**5/30 + 5*g**4/6 + 53*g**3/6 - 47*g**2. Let j be b(-14). Calculate the highest common divisor of j and 33.
33
Let j(w) = w**3 + 59*w**2 - 22*w + 464. Let k be j(-58). What is the greatest common divisor of k and 203?
29
Let s be (-14)/(-2) - ((5 - 0) + -3). Suppose -s*y = c - 3*y - 32, c = 4*y + 62. Calculate the highest common factor of c and 72.
6
Let g(n) = -4*n - 8. Let a be g(-10). Suppose -5*r + 3*j + a = 0, -r + 3 = -2*j - 2. Let u = r + -5. What is the greatest common factor of u and 22?
2
Let b = 264 - 288. Let q be 1/(-2)*-8 + (-96)/b. What is the highest common divisor of q and 56?
8
Suppose 0*r - r - 554 = -5*s, -2*r = 2*s - 224. Suppose 2*m + 82 = 2*n, 5*n - 133 = -5*m + 32. What is the highest common divisor of n and s?
37
Let c be (-1356)/(-10) - 2*6/20. Let h = c - 109. What is the highest common factor of h and 78?
26
Let x(f) = 3*f**2 - 44*f - 10. Let t be x(15). Suppose -o - 2*n = 4 - 2, 0 = t*o + 5*n. What is the greatest common factor of 14 and o?
2
Let p be 96/(-112)*-35 - 0. What is the greatest common divisor of p and 740?
10
Suppose 4*j = 5*x - 2*j - 618, 2*x + 2*j - 212 = 0. Calculate the highest common divisor of x and 834.
6
Let r be (138/(-276))/((-3)/15132). Calculate the highest common divisor of r and 598.
26
Let c be (-5880)/(-144) - 5/(-30). What is the highest common factor of 1230 and c?
41
Suppose 447*y - 448*y - 2723 = -4*d, 0 = -3*d - 4*y + 2028. What is the greatest common divisor of d and 255?
85
Suppose 5*q + i = -i + 215337, 0 = -2*i + 12. What is the highest common factor of q and 87?
87
Let o(s) = 10*s**2 - 37*s + 38. Let z(d) = -3*d**2 + 12*d - 12. Let n(f) = -2*o(f) - 7*z(f). Let i be n(14). What is the greatest common factor of i and 4?
4
Suppose 9325*l - 9337*l = -15360. What is the greatest common divisor of l and 2080?
160
Let f = 6 - 12. Let s be ((-109)/2)/(23/f + 4). Let o = s + 527. What is the highest common divisor of o and 25?
25
Let r(l) = 150*l - 5. Let z = 43 + -42. Suppose -13*p + z + 12 = 0. Let x be r(p). Calculate the highest common divisor of 58 and x.
29
Let n be 1 + -3*-2*(-6)/(-4). Suppose 2*r = 5*s + 27, r = -s + 4*s + 13. Let i(x) = 4*x - 29. Let a be i(r). Calculate the highest common factor of n and a.
5
Let u be (0 + -1)/(4/(-168)). Let d = u - 11. Let r(g) = -23*g - 20. Let t be r(-13). What is the highest common divisor of t and d?
31
Suppose 1309 = 3*z - 3*n + 55, -2*n + 844 = 2*z. What is the highest common factor of 1830 and z?
30
Suppose -37*m + 3*m - 129*m + 250857 = 0. What is the highest common divisor of 57 and m?
57
Let r = -76 + 85. Suppose -r*v + 237 + 2472 = 0. Calculate the greatest common divisor of v and 86.
43
Suppose g - 3*w = -12 + 180, 0 = 2*w. Calculate the highest common divisor of 3768 and g.
24
Suppose -4*a = 165 - 1185. Let c(o) = -1679*o - 6686. Let s be c(-4). Calculate the greatest common divisor of s and a.
15
Let w be (-1)/8 + (-786)/(-16) + -4. Suppose 87 = m + w. Let v be 2 + -1 - -1*27. What is the highest common divisor of v and m?
14
Suppose -3*u + 2679 = 3*w, -4*u + 6*u + 3*w - 1788 = 0. What is the greatest common factor of 2112 and u?
33
Let m(x) = x**2 + 6*x. Let l be 0/(-10) - (8 - 1). Let z be m(l). Suppose z = -6*h + 13. Calculate the highest common divisor of h and 5.
1
Suppose -27*l = -23*l - n - 703, 3*l + 4*n - 513 = 0. Calculate the highest common factor of l and 75.
25
Let w(a) = -192 + 2*a**2 - 4*a**2 + 75 + a**2 - 36*a. Let b be w(-18). What is the greatest common divisor of 18 and b?
9
Suppose -y - 2*z + 1888 = 0, -5*y - 29*z + 24*z + 9430 = 0. Suppose -5*w - 3*r = -y, 6*r = -3*w + 4*r + 1131. What is the greatest common factor of 30 and w?
15
Suppose -6*d + 2*d + 200 = 0. Suppose 3*n + 20 = d. Calculate the greatest common divisor of 170 and n.
10
Let f = 604 - 148. Let d(x) = x**3 - 17*x**2 + 136*x - 324. Let c be d(4). Calculate the highest common divisor of c and f.
12
Suppose -5*k + 97 = 4*u - 152, 0 = -4*k + 20. Let r be (4 + u/(-12))/((-10)/105). What is the greatest common divisor of 287 and r?
7
Let v = 9 + -7. Suppose 3 = h - v. Suppose -4*m - 16 = -o, -10*o - 2*m - 18 = -11*o. Calculate the highest common divisor of h and o.
5
Suppose 1313*p = -182773 + 848464. Let h be ((-39)/4)/(1/(-4)). Calculate the highest common factor of p and h.
39
Let w(h) be the first derivative of h**3/3 - 11*h**2/2 - 8*h - 8. Let t be w(12). Suppose 0 = 3*o - t*o + 2. Calculate the highest common divisor of 6 and o.
2
Let g = -214 - -382. Suppose 71*y - 2992 = -86*y + 4544. What is the highest common divisor of g and y?
24
Let b be 1*2/2 - -71. Let r(o) = o**3 - 20*o**2 - 13*o + 278. Let s be r(20). What is the highest common divisor of s and b?
18
Let a be (827 + -830)/(1 + (-2 - -3) + -3). Calculate the greatest common divisor of a and 5070.
3
Let x be (-8 - -7)/(-1 - 0)*-4. Let n be 3 - -53 - (x + (-1 - -4)). Suppose -5 = -i - 2, 0 = -4*g - 3*i + n. Calculate the greatest common factor of 2 and g.
2
Suppose 7*t - 5*t + 128 = 0. Let p(g) = g**3 + 4*g**2 + 3. Let a be p(-6). Let s = t - a. What is the greatest common factor of s and 10?
5
Suppose 3*d - 12*d = 9. Let w be 1/(4*d/(-440)). Suppose 5*s + 4*s = 90. What is the greatest common factor of s and w?
10
Suppose 8*j - 20 = 12. Suppose 0 = -j*h + h - 2*a + 33, 5*h + 3*a - 55 = 0. What is the greatest common factor of 187 and h?
11
Suppose 0 = -8*s + 4*s + 592. Let c be (12*2)/(7/686). Let z be c/64 + (-2)/(-8). What is the highest common factor of s and z?
37
Let n = 3 + 1. Let i be (-4)/(-48)*n*36. Let c(w) = w**3 - 14*w**2 - 15*w + 18. Let p be c(15). Calculate the greatest common factor of i and p.
6
Let g(b) = b**2 + 83*b - 927. Let z be g(10). Calculate the highest common divisor of 14586 and z.
3
Let k = 263 + -380. Let o = k + 299. Calculate the greatest common factor of o and 91.
91
Let x be -2 - 81/(-2)*4. Suppose -n - 25 = 5*c, 2*n + 10 = -c - c. Suppose n = -r + 38 + 26. Calculate the greatest common divisor of r and x.
32
Let q be 131/5 + 1 + (-1)/5 + 1. Let u be 3 - (-2)/((-2)/(-17)). Calculate the greatest common divisor of q and u.
4
Let m(y) = 423*y**2 + 308*y - 2. Let j be m(-1). Calculate the greatest common divisor of 17741 and j.
113
Let g(k) = 4*k**2 + 65*k + 574. Let m be g(-7). Suppose 4*o = -q + 80, -o + 3*q + 75 = 2*o. Calculate the highest common factor of o and m.
21
Let y = 932 - -1201. Calculate the highest common divisor of 18 and y.
9
Let l be -1*(-8)/(-28) - 104/28. Let b be l - -8 - (1 + -47). Let f be 76/3 + (-2)/6. Calculate the highest common divisor of b and f.
25
Suppose 56*p - 59*p + 4050 = -w, 1348 = p - w. Calculate the highest common divisor of 14 and p.
7
Let b = -302 + 332. Calculate the highest common factor of 430 and b.
10
Let s(g) = 13*g**3 + 57*g**2 - 11*g - 26. Let a be s(-4). Let k be ((-7)/(-4))/((-3)/(-84)). What is the highest common divisor of k and a?
49
Suppose 79 = 6*l + 49. Suppose l*o + 210 = 2460. Calculate the highest common factor of 36 and o.
18
Let s(d) = d**3 - 3*d**2 + d + 5. Let f be s(5). Let n = -136 - 138. Let c = -184 - n. What is the highest common factor of f and c?
30
Suppose 9*h = 35*h + 480 - 1650. What is the greatest common divisor of h and 6435?
45
Let x(k) = k + 31. Let b be x(-15). Let a = 14 + -6. Suppose -5*g + a = -g. What is the greatest common divisor of g and b?
2
Suppose -3*m + 3090 = -9*m. Let t be (m/(-25))/((-2)/(-10)). Suppose -t = -d - 15. Calculate the highest common divisor of d and 22.
22
Let m(t) = t**3 - 53*t**2 + 9*t - 470. Let n be m(53). Calculate the highest common factor of n and 6559.
7
Let r(c) = -11*c**2 - c - 1. Let u be r(-2). Let a be u/(-4) - (-2)/8. Let t be 6/(1 - -1) - -118. Calculate the highest common factor of a and t.
11
Suppose 5*l = -d + 6943, 5*d + 4296 = 3*l + 91. What is the greatest common factor of l and 90?
10
Suppose -6*c = -263 - 475. Let w = c - 11. Calculate the greatest common factor of w and 7.
7
Let y = -3338 - -3393. What is the high